{"id":19715,"date":"2022-02-18T21:04:13","date_gmt":"2022-02-18T20:04:13","guid":{"rendered":"https:\/\/openairkino-emmen.ch\/?page_id=19715"},"modified":"2023-04-05T18:06:36","modified_gmt":"2023-04-05T16:06:36","slug":"datenschutz","status":"publish","type":"page","link":"https:\/\/openairkino-emmen.ch\/?page_id=19715","title":{"rendered":"Datenschutz"},"content":{"rendered":"\t\t<div data-elementor-type=\"wp-post\" data-elementor-id=\"19715\" class=\"elementor elementor-19715\" data-elementor-post-type=\"page\">\n\t\t\t\t\t\t<section class=\"elementor-section elementor-top-section elementor-element elementor-element-0742da3 elementor-section-full_width elementor-section-height-default elementor-section-height-default\" data-id=\"0742da3\" data-element_type=\"section\" data-e-type=\"section\" data-settings=\"{&quot;background_background&quot;:&quot;classic&quot;}\">\n\t\t\t\t\t\t<div class=\"elementor-container elementor-column-gap-default\">\n\t\t\t\t\t<div class=\"elementor-column elementor-col-25 elementor-top-column elementor-element elementor-element-d5cd052\" data-id=\"d5cd052\" data-element_type=\"column\" data-e-type=\"column\">\n\t\t\t<div class=\"elementor-widget-wrap\">\n\t\t\t\t\t\t\t<\/div>\n\t\t<\/div>\n\t\t\t\t<div class=\"elementor-column elementor-col-50 elementor-top-column elementor-element elementor-element-6825e3f\" data-id=\"6825e3f\" data-element_type=\"column\" data-e-type=\"column\">\n\t\t\t<div class=\"elementor-widget-wrap elementor-element-populated\">\n\t\t\t\t\t\t<div class=\"elementor-element elementor-element-bb363f6 elementor-widget elementor-widget-spacer\" data-id=\"bb363f6\" data-element_type=\"widget\" data-e-type=\"widget\" data-widget_type=\"spacer.default\">\n\t\t\t\t<div class=\"elementor-widget-container\">\n\t\t\t\t\t\t\t<div class=\"elementor-spacer\">\n\t\t\t<div class=\"elementor-spacer-inner\"><\/div>\n\t\t<\/div>\n\t\t\t\t\t\t<\/div>\n\t\t\t\t<\/div>\n\t\t\t\t<div class=\"elementor-element elementor-element-4902f30 elementor-widget elementor-widget-heading\" data-id=\"4902f30\" data-element_type=\"widget\" data-e-type=\"widget\" data-widget_type=\"heading.default\">\n\t\t\t\t<div class=\"elementor-widget-container\">\n\t\t\t\t\t<h1 class=\"elementor-heading-title elementor-size-default\">Haftungsausschluss und Datenschutz<\/h1>\t\t\t\t<\/div>\n\t\t\t\t<\/div>\n\t\t\t\t<div class=\"elementor-element elementor-element-0d1cac2 elementor-widget elementor-widget-heading\" data-id=\"0d1cac2\" data-element_type=\"widget\" data-e-type=\"widget\" data-widget_type=\"heading.default\">\n\t\t\t\t<div class=\"elementor-widget-container\">\n\t\t\t\t\t<h2 class=\"elementor-heading-title elementor-size-default\"><br>Inhalt des Onlineangebotes<\/h2>\t\t\t\t<\/div>\n\t\t\t\t<\/div>\n\t\t\t\t<div class=\"elementor-element elementor-element-0aa9753 elementor-widget elementor-widget-text-editor\" data-id=\"0aa9753\" data-element_type=\"widget\" data-e-type=\"widget\" data-widget_type=\"text-editor.default\">\n\t\t\t\t<div class=\"elementor-widget-container\">\n\t\t\t\t\t\t\t\t\t<p>Die Angaben auf dieser Website werden ausschliesslich zu Informationszwecken zur Verf\u00fcgung gestellt. Trotz sorgf\u00e4ltiger Pr\u00fcfung \u00fcbernimmt der Verein \u00abZukunftsgestaltung Emmen\u00bb keinerlei Gew\u00e4hr f\u00fcr die Richtigkeit, Genauigkeit, Aktualit\u00e4t, Zuverl\u00e4ssigkeit und Vollst\u00e4ndigkeit der Informationen.<br \/>\u00abZukunftsgestaltung Emmen\u00bb haftet nicht f\u00fcr Sch\u00e4den materieller oder ideeller Art, die durch die Nutzung\/Nichtnutzung der ver\u00f6ffentlichten Informationen, durch Missbrauch der Verbindung oder technische St\u00f6rungen entstanden sind, sofern seitens Verein kein nachweislich vors\u00e4tzliches oder grob fahrl\u00e4ssiges Verschulden vorliegt.<br \/>Alle Angebote sind freibleibend und unverbindlich. \u00abZukunftsgestaltung Emmen\u00bb beh\u00e4lt es sich ausdr\u00fccklich vor, Teile der Seiten oder das gesamte Angebot jederzeit und ohne gesonderte Ank\u00fcndigung zu ver\u00e4ndern, zu erg\u00e4nzen, zu l\u00f6schen oder die Ver\u00f6ffentlichung zeitweise oder endg\u00fcltig einzustellen.<\/p>\t\t\t\t\t\t\t\t<\/div>\n\t\t\t\t<\/div>\n\t\t\t\t<div class=\"elementor-element elementor-element-3f07a38 elementor-widget elementor-widget-heading\" data-id=\"3f07a38\" data-element_type=\"widget\" data-e-type=\"widget\" data-widget_type=\"heading.default\">\n\t\t\t\t<div class=\"elementor-widget-container\">\n\t\t\t\t\t<h2 class=\"elementor-heading-title elementor-size-default\">Verweise und Links<\/h2>\t\t\t\t<\/div>\n\t\t\t\t<\/div>\n\t\t\t\t<div class=\"elementor-element elementor-element-cf2db1b elementor-widget elementor-widget-text-editor\" data-id=\"cf2db1b\" data-element_type=\"widget\" data-e-type=\"widget\" data-widget_type=\"text-editor.default\">\n\t\t\t\t<div class=\"elementor-widget-container\">\n\t\t\t\t\t\t\t\t\t<p>Der Verein verweist und verlinkt auf Angebote\/Websites von Dritten. Bei Aufnahme von Verweisen oder Links wird gepr\u00fcft, ob diese rechtswidrige Inhalte aufweisen.<br \/>Der Verein hat keinen Einfluss auf die weitere Gestaltung verlinkter Websites. F\u00fcr die Inhalte dieser Websites lehnt \u00abZukunftsgestaltung Emmen\u00bb deshalb jede Haftung ab. Die Verantwortung daf\u00fcr liegt vollumf\u00e4nglich bei den Drittanbietern. Nutzung und Zugriff auf die verlinkten Angebote\/Websites erfolgen auf eigene Gefahr. <br \/>Sollte \u00abZukunftsgestaltung Emmen\u00bb Kenntnis von illegalen Inhalten auf verlinkten Websites erhalten, w\u00fcrden die entsprechenden Links entfernt.<\/p>\t\t\t\t\t\t\t\t<\/div>\n\t\t\t\t<\/div>\n\t\t\t\t<div class=\"elementor-element elementor-element-5b5bdf3 elementor-widget elementor-widget-heading\" data-id=\"5b5bdf3\" data-element_type=\"widget\" data-e-type=\"widget\" data-widget_type=\"heading.default\">\n\t\t\t\t<div class=\"elementor-widget-container\">\n\t\t\t\t\t<h2 class=\"elementor-heading-title elementor-size-default\">Urheberrecht<\/h2>\t\t\t\t<\/div>\n\t\t\t\t<\/div>\n\t\t\t\t<div class=\"elementor-element elementor-element-11eab77 elementor-widget elementor-widget-text-editor\" data-id=\"11eab77\" data-element_type=\"widget\" data-e-type=\"widget\" data-widget_type=\"text-editor.default\">\n\t\t\t\t<div class=\"elementor-widget-container\">\n\t\t\t\t\t\t\t\t\t<p>Die Urheberrechte sowie alle anderen Rechte an Inhalten wie Texten, Bildern, Grafiken, Audio- und Videodateien geh\u00f6ren ausschliesslich dem Verein \u00abZukunftsgestaltung Emmen\u00bb oder den speziell genannten Rechteinhaberinnen\/-inhabern (vgl. <a href=\"https:\/\/openairkino-emmen.ch\/?page_id=192\"><span style=\"text-decoration: underline;\">Impressum<\/span><\/a>). F\u00fcr die Reproduktion jeglicher Elemente ist die schriftliche Zustimmung der Urheberrechtstr\u00e4ger im Voraus einzuholen.<\/p>\t\t\t\t\t\t\t\t<\/div>\n\t\t\t\t<\/div>\n\t\t\t\t<div class=\"elementor-element elementor-element-b1455d8 elementor-widget elementor-widget-heading\" data-id=\"b1455d8\" data-element_type=\"widget\" data-e-type=\"widget\" data-widget_type=\"heading.default\">\n\t\t\t\t<div class=\"elementor-widget-container\">\n\t\t\t\t\t<h2 class=\"elementor-heading-title elementor-size-default\">Verschl\u00fcsselung<\/h2>\t\t\t\t<\/div>\n\t\t\t\t<\/div>\n\t\t\t\t<div class=\"elementor-element elementor-element-44e908d elementor-widget elementor-widget-text-editor\" data-id=\"44e908d\" data-element_type=\"widget\" data-e-type=\"widget\" data-widget_type=\"text-editor.default\">\n\t\t\t\t<div class=\"elementor-widget-container\">\n\t\t\t\t\t\t\t\t\t<p>Um die Sicherheit Ihrer Daten bei der \u00dcbertragung zu sch\u00fctzen, verwenden wir dem aktuellen Stand der Technik entsprechende Verschl\u00fcsselungsverfahren \u00fcber HTTPS.<\/p>\t\t\t\t\t\t\t\t<\/div>\n\t\t\t\t<\/div>\n\t\t\t\t<div class=\"elementor-element elementor-element-a56fe21 elementor-widget elementor-widget-heading\" data-id=\"a56fe21\" data-element_type=\"widget\" data-e-type=\"widget\" data-widget_type=\"heading.default\">\n\t\t\t\t<div class=\"elementor-widget-container\">\n\t\t\t\t\t<h2 class=\"elementor-heading-title elementor-size-default\">Datenschutz<\/h2>\t\t\t\t<\/div>\n\t\t\t\t<\/div>\n\t\t\t\t<div class=\"elementor-element elementor-element-e3995a8 elementor-widget elementor-widget-text-editor\" data-id=\"e3995a8\" data-element_type=\"widget\" data-e-type=\"widget\" data-widget_type=\"text-editor.default\">\n\t\t\t\t<div class=\"elementor-widget-container\">\n\t\t\t\t\t\t\t\t\t<p>Bei einem Besuch unserer Website erheben wir keine personenbezogenen Daten von Ihnen.<br \/>Personenbezogene Daten werden nur erhoben, wenn Sie uns diese bei Ihrer Kontaktaufnahme selbst mitteilen. Die gemachten Angaben werden ausschliesslich f\u00fcr die Bearbeitung Ihres Anliegens verwendet und bis auf Widerruf gespeichert. Die \u00fcbermittelten Daten werden nicht an Dritte weitergegeben \u2013 es sei denn, die Weitergabe der Daten ist gesetzlich verlangt (z.B. im Rahmen eines Strafprozesses).<\/p>\t\t\t\t\t\t\t\t<\/div>\n\t\t\t\t<\/div>\n\t\t\t\t<div class=\"elementor-element elementor-element-9c7a175 elementor-widget elementor-widget-heading\" data-id=\"9c7a175\" data-element_type=\"widget\" data-e-type=\"widget\" data-widget_type=\"heading.default\">\n\t\t\t\t<div class=\"elementor-widget-container\">\n\t\t\t\t\t<h2 class=\"elementor-heading-title elementor-size-default\">Cookies<\/h2>\t\t\t\t<\/div>\n\t\t\t\t<\/div>\n\t\t\t\t<div class=\"elementor-element elementor-element-9859012 elementor-widget elementor-widget-text-editor\" data-id=\"9859012\" data-element_type=\"widget\" data-e-type=\"widget\" data-widget_type=\"text-editor.default\">\n\t\t\t\t<div class=\"elementor-widget-container\">\n\t\t\t\t\t\t\t\t\t<p>Diese Website verwendet sog. Cookies. Cookies sind kleine Textdateien, die auf Ihrem Rechner dauerhaft oder tempor\u00e4r gespeichert werden, wenn Sie eine Webseite besuchen. Zweck der Cookies ist insbesondere die Analyse der Nutzung unserer Website zur statistischen Auswertung sowie f\u00fcr kontinuierliche Verbesserungen. In Ihrem Browser k\u00f6nnen Sie Cookies in den Einstellungen jederzeit ganz oder teilweise deaktivieren. Bei deaktivierten Cookies stehen Ihnen allenfalls nicht mehr alle Funktionen dieser Website zur Verf\u00fcgung.<\/p>\t\t\t\t\t\t\t\t<\/div>\n\t\t\t\t<\/div>\n\t\t\t\t<div class=\"elementor-element elementor-element-0cdd1df elementor-widget elementor-widget-heading\" data-id=\"0cdd1df\" data-element_type=\"widget\" data-e-type=\"widget\" data-widget_type=\"heading.default\">\n\t\t\t\t<div class=\"elementor-widget-container\">\n\t\t\t\t\t<h2 class=\"elementor-heading-title elementor-size-default\">Server-Logdateien<\/h2>\t\t\t\t<\/div>\n\t\t\t\t<\/div>\n\t\t\t\t<div class=\"elementor-element elementor-element-0835dd0 elementor-widget elementor-widget-text-editor\" data-id=\"0835dd0\" data-element_type=\"widget\" data-e-type=\"widget\" data-widget_type=\"text-editor.default\">\n\t\t\t\t<div class=\"elementor-widget-container\">\n\t\t\t\t\t\t\t\t\t<p>Wie bei jeder Verbindung mit einem Webserver protokolliert und speichert der Server unseres Webhosting-Anbieters \u00abmetanet\u00bb (metanet, Josefstrasse 218, 8005 Z\u00fcrich, Schweiz) bestimmte technische Daten. Zu diesen Daten geh\u00f6ren die IP-Adresse und das Betriebssystem Ihres Ger\u00e4ts, die Daten, die Zugriffszeit, die Art des Browsers sowie die Browser-Anfrage inklusive der Herkunft der Anfrage (Referrer). Dies ist aus technischen Gr\u00fcnden erforderlich, um Ihnen unsere Website zur Verf\u00fcgung zu stellen. metanet sch\u00fctzt diese Daten mit technischen und organisatorischen Massnahmen vor unerlaubten Zugriffen und gibt sie nicht an Dritte weiter. Soweit wir dabei personenbezogene Daten verarbeiten, tun wir dies aufgrund unseres Interesses, Ihnen die bestm\u00f6gliche Nutzererfahrung zu bieten und die Sicherheit und Stabilit\u00e4t unserer Systeme zu gew\u00e4hrleisten.<\/p>\t\t\t\t\t\t\t\t<\/div>\n\t\t\t\t<\/div>\n\t\t\t\t<div class=\"elementor-element elementor-element-086d0c5 elementor-widget elementor-widget-heading\" data-id=\"086d0c5\" data-element_type=\"widget\" data-e-type=\"widget\" data-widget_type=\"heading.default\">\n\t\t\t\t<div class=\"elementor-widget-container\">\n\t\t\t\t\t<h2 class=\"elementor-heading-title elementor-size-default\">Google Analytics<\/h2>\t\t\t\t<\/div>\n\t\t\t\t<\/div>\n\t\t\t\t<div class=\"elementor-element elementor-element-461792b elementor-widget elementor-widget-text-editor\" data-id=\"461792b\" data-element_type=\"widget\" data-e-type=\"widget\" data-widget_type=\"text-editor.default\">\n\t\t\t\t<div class=\"elementor-widget-container\">\n\t\t\t\t\t\t\t\t\t<p>Diese Website benutzt Google Analytics, einen Dienst der Google LLC, zur statistischen Auswertung der Besucherzugriffe. <br \/>Google Analytics verwendet Cookies. Die durch das Cookie erzeugten Informationen \u00fcber Ihre Benutzung dieser Website werden in der Regel an einen Server von Google in den USA \u00fcbertragen und dort gespeichert. Aufgrund der Aktivierung der IP-Anonymisierung auf dieser Website wird Ihre IP-Adresse von Google innerhalb von Mitgliedstaaten der Europ\u00e4ischen Union oder in anderen Vertragsstaaten des Abkommens \u00fcber den Europ\u00e4ischen Wirtschaftsraum zuvor gek\u00fcrzt. Nur in Ausnahmef\u00e4llen wird die volle IP-Adresse an einen Server von Google in den USA \u00fcbertragen und dort gek\u00fcrzt.<br \/>Die durch Google Analytics gesammelten Informationen werden verwendet, um die Nutzung der Website auszuwerten, Reports \u00fcber die Websiteaktivit\u00e4ten f\u00fcr die Websitebetreiber zusammenzustellen und um weitere mit der Websitenutzung und der Internetnutzung verbundene Dienstleistungen zu erbringen. Die im Rahmen von Google Analytics von Ihrem Browser \u00fcbermittelte IP-Adresse wird nicht mit anderen Daten von Google zusammengef\u00fchrt.<\/p><p>Falls Sie nicht m\u00f6chten, dass Ihre Daten in Google Analytics verwendet werden, k\u00f6nnen Sie das <span style=\"text-decoration: underline;\"><a href=\"https:\/\/tools.google.com\/dlpage\/gaoptout?hl=de\" target=\"_blank\" rel=\"noopener\">Browser-Add-on<\/a><\/span> zur Deaktivierung von Google Anslytics installieren.<\/p>\t\t\t\t\t\t\t\t<\/div>\n\t\t\t\t<\/div>\n\t\t\t\t<div class=\"elementor-element elementor-element-df1f873 elementor-widget elementor-widget-heading\" data-id=\"df1f873\" data-element_type=\"widget\" data-e-type=\"widget\" data-widget_type=\"heading.default\">\n\t\t\t\t<div class=\"elementor-widget-container\">\n\t\t\t\t\t<h2 class=\"elementor-heading-title elementor-size-default\">Google Maps<\/h2>\t\t\t\t<\/div>\n\t\t\t\t<\/div>\n\t\t\t\t<div class=\"elementor-element elementor-element-c62ae28 elementor-widget elementor-widget-text-editor\" data-id=\"c62ae28\" data-element_type=\"widget\" data-e-type=\"widget\" data-widget_type=\"text-editor.default\">\n\t\t\t\t<div class=\"elementor-widget-container\">\n\t\t\t\t\t\t\t\t\t<p>Um geografische Informationen visuell darzustellen, wird auf dieser Website Google Maps, ein Dienst von Google LLC, verwendet. Dabei erhebt Google auch Daten \u00fcber die Nutzung der Kartenfunktionen, verarbeitet diese und nutzt sie f\u00fcr eigene Zwecke.<br \/>Wenn Sie nicht m\u00f6chten, dass solche Informationen an Google gesendet werden, k\u00f6nnen Sie dies in den <a href=\"https:\/\/adssettings.google.com\/\">Ad settings von Google<\/a> deaktivieren (Google-Account erforderlich).<\/p>\t\t\t\t\t\t\t\t<\/div>\n\t\t\t\t<\/div>\n\t\t\t\t<div class=\"elementor-element elementor-element-9e9e64b elementor-widget elementor-widget-heading\" data-id=\"9e9e64b\" data-element_type=\"widget\" data-e-type=\"widget\" data-widget_type=\"heading.default\">\n\t\t\t\t<div class=\"elementor-widget-container\">\n\t\t\t\t\t<h2 class=\"elementor-heading-title elementor-size-default\">Ihre Rechte<\/h2>\t\t\t\t<\/div>\n\t\t\t\t<\/div>\n\t\t\t\t<div class=\"elementor-element elementor-element-22f4de2 elementor-widget elementor-widget-text-editor\" data-id=\"22f4de2\" data-element_type=\"widget\" data-e-type=\"widget\" data-widget_type=\"text-editor.default\">\n\t\t\t\t<div class=\"elementor-widget-container\">\n\t\t\t\t\t\t\t\t\t<p>Sie haben das Recht, jederzeit Ihre Datenschutzrechte geltend zu machen und Auskunft dar\u00fcber zu verlangen, ob und welche personenbezogenen Daten \u00fcber Sie bei uns bearbeitet werden. Zur Aus\u00fcbung Ihrer Rechte und wenn Sie Fragen zum Datenschutz auf unseren Webseiten haben, nehmen Sie bitte mit uns Kontakt auf (vgl. <a href=\"https:\/\/openairkino-emmen.ch\/?page_id=192\"><span style=\"text-decoration: underline;\">Impressum<\/span><\/a>).<\/p>\t\t\t\t\t\t\t\t<\/div>\n\t\t\t\t<\/div>\n\t\t\t\t<div class=\"elementor-element elementor-element-938fee8 elementor-widget elementor-widget-heading\" data-id=\"938fee8\" data-element_type=\"widget\" data-e-type=\"widget\" data-widget_type=\"heading.default\">\n\t\t\t\t<div class=\"elementor-widget-container\">\n\t\t\t\t\t<h2 class=\"elementor-heading-title elementor-size-default\">reCAPTCHA<\/h2>\t\t\t\t<\/div>\n\t\t\t\t<\/div>\n\t\t\t\t<div class=\"elementor-element elementor-element-c50a7ec elementor-widget elementor-widget-text-editor\" data-id=\"c50a7ec\" data-element_type=\"widget\" data-e-type=\"widget\" data-widget_type=\"text-editor.default\">\n\t\t\t\t<div class=\"elementor-widget-container\">\n\t\t\t\t\t\t\t\t\t<p>Zum Schutz Ihrer Anfragen per Internetformular verwenden wir den Dienst reCAPTCHA des Unternehmens Google LLC (Google). Die Abfrage dient der Unterscheidung, ob die Eingabe durch einen Menschen oder missbr\u00e4uchlich durch automatisierte, maschinelle Verarbeitung erfolgt. Die Abfrage schliesst den Versand der IP-Adresse und ggf. weiterer von Google f\u00fcr den Dienst reCAPTCHA ben\u00f6tigter Daten an Google ein. Zu diesem Zweck wird Ihre Eingabe an Google \u00fcbermittelt und dort weiter verwendet. Ihre IP-Adresse wird von Google jedoch innerhalb von Mitgliedstaaten der Europ\u00e4ischen Union oder in anderen Vertragsstaaten des Abkommens \u00fcber den Europ\u00e4ischen Wirtschaftsraum zuvor gek\u00fcrzt. Nur in Ausnahmef\u00e4llen wird die volle IP-Adresse an einen Server von Google in den USA \u00fcbertragen und dort gek\u00fcrzt. Im Auftrag des Betreibers dieser Website wird Google diese Informationen benutzen, um Ihre Nutzung dieses Dienstes auszuwerten. Die im Rahmen von reCaptcha von Ihrem Browser \u00fcbermittelte IP-Adresse wird nicht mit anderen Daten von Google zusammengef\u00fchrt. F\u00fcr diese Daten gelten die abweichenden Datenschutzbestimmungen des Unternehmens Google. Weitere Informationen zu den Datenschutzrichtlinien von Google finden Sie unter: <span style=\"text-decoration: underline;\"><a href=\"https:\/\/policies.google.com\/privacy?hl=de\" target=\"_blank\" rel=\"noopener\">https:\/\/policies.google.com\/privacy?hl=de<\/a><\/span><\/p>\t\t\t\t\t\t\t\t<\/div>\n\t\t\t\t<\/div>\n\t\t\t\t<div class=\"elementor-element elementor-element-40c6618 elementor-widget elementor-widget-spacer\" data-id=\"40c6618\" data-element_type=\"widget\" data-e-type=\"widget\" data-widget_type=\"spacer.default\">\n\t\t\t\t<div class=\"elementor-widget-container\">\n\t\t\t\t\t\t\t<div class=\"elementor-spacer\">\n\t\t\t<div class=\"elementor-spacer-inner\"><\/div>\n\t\t<\/div>\n\t\t\t\t\t\t<\/div>\n\t\t\t\t<\/div>\n\t\t\t\t\t<\/div>\n\t\t<\/div>\n\t\t\t\t<div class=\"elementor-column elementor-col-25 elementor-top-column elementor-element elementor-element-acd6788\" data-id=\"acd6788\" data-element_type=\"column\" data-e-type=\"column\">\n\t\t\t<div class=\"elementor-widget-wrap\">\n\t\t\t\t\t\t\t<\/div>\n\t\t<\/div>\n\t\t\t\t\t<\/div>\n\t\t<\/section>\n\t\t\t\t<\/div>\n\t\t","protected":false},"excerpt":{"rendered":"<p>Haftungsausschluss und Datenschutz Inhalt des Onlineangebotes Die Angaben auf dieser Website werden ausschliesslich zu Informationszwecken zur Verf\u00fcgung gestellt. Trotz sorgf\u00e4ltiger Pr\u00fcfung \u00fcbernimmt der Verein \u00abZukunftsgestaltung Emmen\u00bb keinerlei Gew\u00e4hr f\u00fcr die Richtigkeit, Genauigkeit, Aktualit\u00e4t, Zuverl\u00e4ssigkeit und Vollst\u00e4ndigkeit der Informationen.\u00abZukunftsgestaltung Emmen\u00bb haftet nicht f\u00fcr Sch\u00e4den materieller oder ideeller Art, die durch die Nutzung\/Nichtnutzung der ver\u00f6ffentlichten Informationen, durch [&hellip;]<\/p>\n","protected":false},"author":17,"featured_media":0,"parent":0,"menu_order":0,"comment_status":"closed","ping_status":"closed","template":"elementor_header_footer","meta":{"footnotes":""},"class_list":["post-19715","page","type-page","status-publish","hentry","entry"],"yoast_head":"<!-- This site is optimized with the Yoast SEO plugin v27.4 - https:\/\/yoast.com\/product\/yoast-seo-wordpress\/ -->\n<title>Datenschutz &#8211; OpenAirKinoEmmen<\/title>\n<meta name=\"description\" content=\"Open Air Kino Emmen - Das einmalige Filmerlebnis in der Badi Moosh\u00fcsli.\" \/>\n<meta name=\"robots\" content=\"index, follow, max-snippet:-1, max-image-preview:large, max-video-preview:-1\" \/>\n<link rel=\"canonical\" href=\"https:\/\/openairkino-emmen.ch\/?page_id=19715\" \/>\n<meta property=\"og:locale\" content=\"de_DE\" \/>\n<meta property=\"og:type\" content=\"article\" \/>\n<meta property=\"og:title\" content=\"Datenschutz &#8211; OpenAirKinoEmmen\" \/>\n<meta property=\"og:description\" content=\"Open Air Kino Emmen - Das einmalige Filmerlebnis in der Badi Moosh\u00fcsli.\" \/>\n<meta property=\"og:url\" content=\"https:\/\/openairkino-emmen.ch\/?page_id=19715\" \/>\n<meta property=\"og:site_name\" content=\"OpenAirKinoEmmen\" \/>\n<meta property=\"article:publisher\" content=\"https:\/\/de-de.facebook.com\/handballemmen07\/\" \/>\n<meta property=\"article:modified_time\" content=\"2023-04-05T16:06:36+00:00\" \/>\n<meta name=\"twitter:card\" content=\"summary_large_image\" \/>\n<meta name=\"twitter:label1\" content=\"Gesch\u00e4tzte Lesezeit\" \/>\n\t<meta name=\"twitter:data1\" content=\"6\u00a0Minuten\" \/>\n<script type=\"application\/ld+json\" class=\"yoast-schema-graph\">{\"@context\":\"https:\\\/\\\/schema.org\",\"@graph\":[{\"@type\":\"WebPage\",\"@id\":\"https:\\\/\\\/openairkino-emmen.ch\\\/?page_id=19715\",\"url\":\"https:\\\/\\\/openairkino-emmen.ch\\\/?page_id=19715\",\"name\":\"Datenschutz &#8211; OpenAirKinoEmmen\",\"isPartOf\":{\"@id\":\"https:\\\/\\\/openairkino-emmen.ch\\\/#website\"},\"datePublished\":\"2022-02-18T20:04:13+00:00\",\"dateModified\":\"2023-04-05T16:06:36+00:00\",\"description\":\"Open Air Kino Emmen - Das einmalige Filmerlebnis in der Badi Moosh\u00fcsli.\",\"breadcrumb\":{\"@id\":\"https:\\\/\\\/openairkino-emmen.ch\\\/?page_id=19715#breadcrumb\"},\"inLanguage\":\"de\",\"potentialAction\":[{\"@type\":\"ReadAction\",\"target\":[\"https:\\\/\\\/openairkino-emmen.ch\\\/?page_id=19715\"]}]},{\"@type\":\"BreadcrumbList\",\"@id\":\"https:\\\/\\\/openairkino-emmen.ch\\\/?page_id=19715#breadcrumb\",\"itemListElement\":[{\"@type\":\"ListItem\",\"position\":1,\"name\":\"Startseite\",\"item\":\"https:\\\/\\\/openairkino-emmen.ch\\\/\"},{\"@type\":\"ListItem\",\"position\":2,\"name\":\"Datenschutz\"}]},{\"@type\":\"WebSite\",\"@id\":\"https:\\\/\\\/openairkino-emmen.ch\\\/#website\",\"url\":\"https:\\\/\\\/openairkino-emmen.ch\\\/\",\"name\":\"Handball Emmen\",\"description\":\"xxx\",\"potentialAction\":[{\"@type\":\"SearchAction\",\"target\":{\"@type\":\"EntryPoint\",\"urlTemplate\":\"https:\\\/\\\/openairkino-emmen.ch\\\/?s={search_term_string}\"},\"query-input\":{\"@type\":\"PropertyValueSpecification\",\"valueRequired\":true,\"valueName\":\"search_term_string\"}}],\"inLanguage\":\"de\"}]}<\/script>\n<!-- \/ Yoast SEO plugin. -->","yoast_head_json":{"title":"Datenschutz &#8211; OpenAirKinoEmmen","description":"Open Air Kino Emmen - Das einmalige Filmerlebnis in der Badi Moosh\u00fcsli.","robots":{"index":"index","follow":"follow","max-snippet":"max-snippet:-1","max-image-preview":"max-image-preview:large","max-video-preview":"max-video-preview:-1"},"canonical":"https:\/\/openairkino-emmen.ch\/?page_id=19715","og_locale":"de_DE","og_type":"article","og_title":"Datenschutz &#8211; OpenAirKinoEmmen","og_description":"Open Air Kino Emmen - Das einmalige Filmerlebnis in der Badi Moosh\u00fcsli.","og_url":"https:\/\/openairkino-emmen.ch\/?page_id=19715","og_site_name":"OpenAirKinoEmmen","article_publisher":"https:\/\/de-de.facebook.com\/handballemmen07\/","article_modified_time":"2023-04-05T16:06:36+00:00","twitter_card":"summary_large_image","twitter_misc":{"Gesch\u00e4tzte Lesezeit":"6\u00a0Minuten"},"schema":{"@context":"https:\/\/schema.org","@graph":[{"@type":"WebPage","@id":"https:\/\/openairkino-emmen.ch\/?page_id=19715","url":"https:\/\/openairkino-emmen.ch\/?page_id=19715","name":"Datenschutz &#8211; OpenAirKinoEmmen","isPartOf":{"@id":"https:\/\/openairkino-emmen.ch\/#website"},"datePublished":"2022-02-18T20:04:13+00:00","dateModified":"2023-04-05T16:06:36+00:00","description":"Open Air Kino Emmen - Das einmalige Filmerlebnis in der Badi Moosh\u00fcsli.","breadcrumb":{"@id":"https:\/\/openairkino-emmen.ch\/?page_id=19715#breadcrumb"},"inLanguage":"de","potentialAction":[{"@type":"ReadAction","target":["https:\/\/openairkino-emmen.ch\/?page_id=19715"]}]},{"@type":"BreadcrumbList","@id":"https:\/\/openairkino-emmen.ch\/?page_id=19715#breadcrumb","itemListElement":[{"@type":"ListItem","position":1,"name":"Startseite","item":"https:\/\/openairkino-emmen.ch\/"},{"@type":"ListItem","position":2,"name":"Datenschutz"}]},{"@type":"WebSite","@id":"https:\/\/openairkino-emmen.ch\/#website","url":"https:\/\/openairkino-emmen.ch\/","name":"Handball Emmen","description":"xxx","potentialAction":[{"@type":"SearchAction","target":{"@type":"EntryPoint","urlTemplate":"https:\/\/openairkino-emmen.ch\/?s={search_term_string}"},"query-input":{"@type":"PropertyValueSpecification","valueRequired":true,"valueName":"search_term_string"}}],"inLanguage":"de"}]}},"_links":{"self":[{"href":"https:\/\/openairkino-emmen.ch\/index.php?rest_route=\/wp\/v2\/pages\/19715","targetHints":{"allow":["GET"]}}],"collection":[{"href":"https:\/\/openairkino-emmen.ch\/index.php?rest_route=\/wp\/v2\/pages"}],"about":[{"href":"https:\/\/openairkino-emmen.ch\/index.php?rest_route=\/wp\/v2\/types\/page"}],"author":[{"embeddable":true,"href":"https:\/\/openairkino-emmen.ch\/index.php?rest_route=\/wp\/v2\/users\/17"}],"replies":[{"embeddable":true,"href":"https:\/\/openairkino-emmen.ch\/index.php?rest_route=%2Fwp%2Fv2%2Fcomments&post=19715"}],"version-history":[{"count":90,"href":"https:\/\/openairkino-emmen.ch\/index.php?rest_route=\/wp\/v2\/pages\/19715\/revisions"}],"predecessor-version":[{"id":23569,"href":"https:\/\/openairkino-emmen.ch\/index.php?rest_route=\/wp\/v2\/pages\/19715\/revisions\/23569"}],"wp:attachment":[{"href":"https:\/\/openairkino-emmen.ch\/index.php?rest_route=%2Fwp%2Fv2%2Fmedia&parent=19715"}],"curies":[{"name":"wp","href":"https:\/\/api.w.org\/{rel}","templated":true}]}}